 307 is divided by 105.
97
Calculate the remainder when 413 is divided by 22.
17
What is the remainder when 135 is divided by 35?
30
What is the remainder when 42 is divided by 15?
12
What is the remainder when 211 is divided by 99?
13
Calculate the remainder when 12 is divided by 7.
5
Calculate the remainder when 71 is divided by 23.
2
Calculate the remainder when 249 is divided by 38.
21
Calculate the remainder when 413 is divided by 115.
68
What is the remainder when 472 is divided by 156?
4
Calculate the remainder when 145 is divided by 43.
16
What is the remainder when 46933 is divided by 21?
19
What is the remainder when 336 is divided by 114?
108
Calculate the remainder when 289 is divided by 67.
21
What is the remainder when 96 is divided by 11?
8
What is the remainder when 513 is divided by 290?
223
Calculate the remainder when 276 is divided by 135.
6
Calculate the remainder when 2238 is divided by 32.
30
What is the remainder when 351 is divided by 39?
0
What is the remainder when 79 is divided by 36?
7
What is the remainder when 45 is divided by 23?
22
What is the remainder when 162 is divided by 85?
77
What is the remainder when 522 is divided by 35?
32
What is the remainder when 1141 is divided by 377?
10
What is the remainder when 59 is divided by 27?
5
What is the remainder when 1068 is divided by 25?
18
Calculate the remainder when 313 is divided by 21.
19
Calculate the remainder when 944 is divided by 86.
84
What is the remainder when 334 is divided by 4?
2
What is the remainder when 18 is divided by 11?
7
What is the remainder when 12503 is divided by 18?
11
Calculate the remainder when 1310 is divided by 39.
23
Calculate the remainder when 199 is divided by 37.
14
Calculate the remainder when 62 is divided by 32.
30
Calculate the remainder when 13172 is divided by 155.
152
What is the remainder when 412 is divided by 6?
4
What is the remainder when 504 is divided by 13?
10
What is the remainder when 534 is divided by 20?
14
Calculate the remainder when 8543 is divided by 114.
107
Calculate the remainder when 330 is divided by 157.
16
Calculate the remainder when 313 is divided by 20.
13
Calculate the remainder when 132 is divided by 27.
24
Calculate the remainder when 281 is divided by 60.
41
Calculate the remainder when 583 is divided by 283.
17
Calculate the remainder when 535 is divided by 11.
7
Calculate the remainder when 27 is divided by 22.
5
What is the remainder when 210 is divided by 27?
21
What is the remainder when 363 is divided by 55?
33
What is the remainder when 1315 is divided by 9?
1
What is the remainder when 236 is divided by 16?
12
What is the remainder when 11212 is divided by 44?
36
Calculate the remainder when 252 is divided by 30.
12
Calculate the remainder when 1898 is divided by 95.
93
What is the remainder when 59 is divided by 13?
7
What is the remainder when 226 is divided by 91?
44
What is the remainder when 118 is divided by 11?
8
What is the remainder when 314 is divided by 79?
77
Calculate the remainder when 881 is divided by 59.
55
What is the remainder when 247 is divided by 125?
122
Calculate the remainder when 146 is divided by 59.
28
What is the remainder when 68 is divided by 57?
11
What is the remainder when 1969 is divided by 68?
65
What is the remainder when 944 is divided by 206?
120
What is the remainder when 113 is divided by 4?
1
What is the remainder when 3313 is divided by 39?
37
What is the remainder when 90 is divided by 14?
6
Calculate the remainder when 492 is divided by 62.
58
What is the remainder when 3703 is divided by 14?
7
Calculate the remainder when 182 is divided by 8.
6
Calculate the remainder when 653 is divided by 15.
8
What is the remainder when 643 is divided by 3?
1
What is the remainder when 109 is divided by 23?
17
Calculate the remainder when 344 is divided by 87.
83
Calculate the remainder when 985 is divided by 3.
1
What is the remainder when 303 is divided by 16?
15
Calculate the remainder when 147 is divided by 130.
17
What is the remainder when 53 is divided by 18?
17
Calculate the remainder when 236 is divided by 73.
17
Calculate the remainder when 739 is divided by 185.
184
What is the remainder when 258 is divided by 68?
54
Calculate the remainder when 258 is divided by 7.
6
What is the remainder when 91 is divided by 6?
1
What is the remainder when 151 is divided by 48?
7
Calculate the remainder when 4885 is divided by 47.
44
What is the remainder when 1169 is divided by 51?
47
What is the remainder when 1366 is divided by 670?
26
What is the remainder when 269 is divided by 85?
14
What is the remainder when 410 is divided by 93?
38
Calculate the remainder when 98 is divided by 35.
28
What is the remainder when 809 is divided by 46?
27
What is the remainder when 122 is divided by 62?
60
Calculate the remainder when 68351 is divided by 13.
10
Calculate the remainder when 517 is divided by 102.
7
What is the remainder when 124 is divided by 37?
13
Calculate the remainder when 105 is divided by 30.
15
What is the remainder when 108 is divided by 56?
52
What is the remainder when 526 is divided by 11?
9
Calculate the remainder when 745 is divided by 141.
40
What is the remainder when 1423 is divided by 15?
13
Calculate the remainder when 1069 is divided by 9.
7
What is the remainder when 573 is divided by 82?
81
What is the remainder when 121 is divided by 45?
31
Calculate the remainder when 2486 is divided by 53.
48
Calculate the remainder when 78 is divided by 5.
3
What is the remainder when 1537 is divided by 77?
74
What is the remainder when 338 is divided by 66?
8
What is the remainder when 45 is divided by 20?
5
What is the remainder when 523 is divided by 129?
7
What is the remainder when 1833 is divided by 914?
5
Calculate the remainder when 285 is divided by 18.
15
What is the remainder when 1626 is divided by 278?
236
Calculate the remainder when 126 is divided by 65.
61
Calculate the remainder when 297 is divided by 29.
7
Calculate the remainder when 125 is divided by 33.
26
What is the remainder when 789 is divided by 155?
14
What is the remainder when 3247 is divided by 125?
122
What is the remainder when 444 is divided by 112?
108
What is the remainder when 250 is divided by 64?
58
What is the remainder when 260 is divided by 89?
82
Calculate the remainder when 265 is divided by 15.
10
Calculate the remainder when 10558 is divided by 76.
70
Calculate the remainder when 7300 is divided by 106.
92
Calculate the remainder when 970 is divided by 27.
25
Calculate the remainder when 3621 is divided by 39.
33
Calculate the remainder when 1113 is divided by 275.
13
Calculate the remainder when 255 is divided by 87.
81
What is the remainder when 128 is divided by 46?
36
What is the remainder when 2234 is divided by 48?
26
What is the remainder when 1389 is divided by 29?
26
What is the remainder when 486 is divided by 80?
6
Calculate the remainder when 435 is divided by 10.
5
Calculate the remainder when 920 is divided by 88.
40
Calculate the remainder when 4311 is divided by 77.
76
What is the remainder when 170 is divided by 103?
67
Calculate the remainder when 646 is divided by 316.
14
Calculate the remainder when 271 is divided by 20.
11
Calculate the remainder when 9228 is divided by 51.
48
What is the remainder when 4890 is divided by 21?
18
What is the remainder when 4154 is divided by 1036?
10
Calculate the remainder when 2158 is divided by 144.
142
Calculate the remainder when 553 is divided by 156.
85
What is the remainder when 159 is divided by 83?
76
What is the remainder when 534 is divided by 121?
50
What is the remainder when 836 is divided by 17?
3
What is the remainder when 795 is divided by 30?
15
Calculate the remainder when 228 is divided by 23.
21
Calculate the remainder when 141 is divided by 48.
45
Calculate the remainder when 19172 is divided by 282.
278
What is the remainder when 52 is divided by 8?
4
Calculate the remainder when 211 is divided by 38.
21
Calculate the remainder when 2210 is divided by 96.
2
Calculate the remainder when 6688 is divided by 24.
16
What is the remainder when 982 is divided by 82?
80
Calculate the remainder when 187 is divided by 95.
92
What is the remainder when 494 is divided by 57?
3